What is k(4)?
-596
Let x(l) = 58888*l - 12130939. Give x(206).
-11
Let u(h) = -58570*h - 292892. Determine u(-5).
-42
Let j(z) = -26*z**3 - 5213*z**2 + 2627*z + 2840. Give j(-201).
26
Let k(t) = 32182*t + 354000. Determine k(-11).
-2
Let z(g) = 7992*g + 8503498. Calculate z(-1064).
10
Let s(u) = 3*u**3 + 3*u**2 + 3*u + 11. Give s(-3).
-52
Let z(b) = -19*b - 64. What is z(21)?
-463
Let b(c) = 3*c**3 - 7*c**2 - 77*c + 509. Give b(6).
443
Let p(l) = l**3 - 97*l**2 + 657*l + 49. Calculate p(7).
238
Let p(l) = -1319*l - 629308. What is p(-477)?
-145
Let u(v) = -v**3 - 14*v**2 + 417*v - 363. Calculate u(-29).
159
Let a(p) = -46660*p - 513276. Give a(-11).
-16
Let q(h) = -344*h - 27353. Determine q(-90).
3607
Let i(q) = 1631*q**2 - 11410*q - 45. What is i(7)?
4
Let r(i) = 230*i**3 + 94*i**2 - 94*i + 2. What is r(1)?
232
Let u(f) = 1005*f + 174519. Determine u(-174).
-351
Let l(s) = 5*s**3 + 44*s**2 + 13*s - 13. What is l(-9)?
-211
Let b(c) = 237*c + 2875. Determine b(-11).
268
Let c(s) = 23400*s - 23946. Give c(1).
-546
Let u(q) = 2*q**3 - 1291*q**2 + 6901*q + 88960. Calculate u(640).
0
Let p(x) = x**3 + 29*x**2 + 133*x - 365. Give p(-23).
-250
Let h(y) = -57*y**2 - 431*y + 4625. Calculate h(6).
-13
Let w(g) = -11*g**3 + 730*g**2 - 9883*g - 306. Give w(19).
-2
Let z(t) = -2*t**3 - 42*t**2 + 1497*t + 48. Calculate z(19).
-389
Let z(n) = 3341*n - 13211. Determine z(4).
153
Let x(s) = 5671*s + 39723. Give x(-7).
26
Let v(b) = -34806*b - 174009. Give v(-5).
21
Let s(c) = 1564*c - 7813. What is s(5)?
7
Let f(u) = 2*u**2 + 541*u + 9654. What is f(-18)?
564
Let c(a) = -2*a**3 - 34*a**2 + 111*a - 3790. Calculate c(-23).
5
Let q(d) = -238889*d - 6. Give q(0).
-6
Let p(u) = -762*u - 63951. Determine p(-84).
57
Let r(b) = -98*b**2 + 9*b - 2. Give r(3).
-857
Let m(g) = 205983*g - 2265807. Calculate m(11).
6
Let k(v) = v**2 + 168*v - 753. Give k(-145).
-4088
Let n(m) = 3*m**2 + 205*m - 445375. Determine n(-421).
43
Let c(l) = 494383*l - 17303404. What is c(35)?
1
Let v(b) = -3*b**3 - 17*b**2 - 3538*b - 21182. Calculate v(-6).
82
Let y(h) = -2*h**3 + 175*h**2 + 143*h - 4966. What is y(88)?
-126
Let q(a) = 2*a**3 + 560*a**2 - 3409*a - 147. Determine q(6).
-9
Let y(a) = -110*a**3 + 19*a**2 + 36*a - 3. What is y(-1)?
90
Let c(g) = -2*g**2 - 597*g - 3762. Determine c(-292).
34
Let o(x) = x**3 - 139*x**2 - 1347*x - 2854. Give o(-6).
8
Let r(q) = 287*q**2 - 7*q + 2764. What is r(0)?
2764
Let j(f) = 204*f + 31507. Give j(-155).
-113
Let d(x) = 3675*x - 169293. What is d(46)?
-243
Let y(x) = -392*x**2 - 2510*x + 1578. Calculate y(-7).
-60
Let s(j) = 4823*j - 14315. What is s(3)?
154
Let y(v) = -v**3 + 40*v**2 + 2306*v - 93313. Give y(41).
-448
Let w(q) = 4031*q + 27009. Give w(-7).
-1208
Let u(x) = -26*x**2 + 3751*x - 15537. Calculate u(140).
3
Let h(y) = -32347*y - 1035112. Determine h(-32).
-8
Let p(q) = 18417*q + 479396. Give p(-26).
554
Let q(j) = -j**3 - 159*j**2 - 619*j + 167. Calculate q(-155).
12
Let z(o) = -119*o**2 + 16539*o + 322. What is z(139)?
44
Let d(h) = h**2 - 305*h - 1585830. What is d(-1116)?
6
Let c(z) = -7*z**2 - 463*z + 5225. Calculate c(-76).
-19
Let r(n) = -9*n**3 + 4*n**2 - 360*n + 2504. What is r(7)?
-2907
Let z(n) = n**3 + 79*n**2 - 48*n + 9317. What is z(-81)?
83
Let w(x) = -105*x + 9218. Calculate w(87).
83
Let o(v) = v**2 + 563*v + 55848. Determine o(-436).
476
Let u(w) = -7*w**2 - 78873*w - 394365. Give u(-5).
-175
Let h(w) = -26*w**2 - 1447*w + 509. Calculate h(-56).
5
Let w(l) = 3428*l + 126819. Give w(-37).
-17
Let j(b) = -49702*b + 2435385. What is j(49)?
-13
Let o(k) = k**3 - 11*k**2 - 87*k + 685. Calculate o(18).
1387
Let n(d) = 9587*d - 57509. Calculate n(6).
13
Let x(y) = -y**3 - 145*y**2 + 6*y - 14. Calculate x(0).
-14
Let i(u) = 1116*u + 2123. Calculate i(-2).
-109
Let i(x) = x**3 + 63*x**2 - 19*x + 2767. Give i(-64).
-113
Let g(b) = -b**2 + 819*b - 62058. Calculate g(84).
-318
Let y(b) = -23994*b + 48013. What is y(2)?
25
Let r(j) = 18*j**3 + 4*j**2 - 224*j - 3. What is r(-4)?
-195
Let v(w) = 146*w - 9508. Give v(64).
-164
Let c(u) = -u**3 + 96*u**2 + 392*u + 407. Give c(100).
-393
Let b(k) = 9628*k - 789393. Determine b(82).
103
Let p(w) = w**3 + 6*w**2 + 20*w + 205. Give p(-7).
16
Let r(y) = -4*y**2 - 150*y + 34870. Calculate r(-114).
-14
Let c(o) = -140*o**3 + 3*o**2 + 7*o - 30. What is c(2)?
-1124
Let j(w) = -103*w**2 - 1142*w + 111. Determine j(-12).
-1017
Let l(v) = 47*v**2 - 505*v + 141. Calculate l(12).
849
Let q(k) = k**3 + 196*k**2 + 1071*k + 374206. Determine q(-200).
6
Let k(m) = 36*m**2 - 39881*m - 79750. What is k(-2)?
156
Let i(p) = 16613*p - 830664. What is i(50)?
-14
Let l(c) = 40*c**2 + 66*c - 136. Calculate l(-3).
26
Let b(w) = w**3 - 86*w**2 + 165*w + 1316. Give b(84).
1064
Let h(j) = -2006479*j + 22071270. Determine h(11).
1
Let l(g) = 11436*g + 11414. Determine l(-1).
-22
Let r(t) = t**3 + 187*t**2 - 1965*t + 996. Calculate r(-197).
11
Let x(z) = 2*z**3 + 76*z**2 + 167*z - 298. What is x(-35)?
1207
Let t(d) = -46*d**3 - 143*d**2 - 38*d - 60. Determine t(-2).
-188
Let g(y) = -808*y - 49598. Give g(-62).
498
Let t(i) = -45193*i - 2033736. Give t(-45).
-51
Let r(n) = 534*n + 129201. What is r(-247)?
-2697
Let b(p) = 1220*p**2 + 73*p + 71. Calculate b(-1).
1218
Let i(u) = -3*u**2 - 586*u - 27010. Calculate i(-78).
446
Let c(a) = 27*a**3 - 106*a**2 + 125*a - 15. Give c(2).
27
Let f(z) = -21164*z - 126983. What is f(-6)?
1
Let b(m) = -m**2 + 461*m + 42377. What is b(-79)?
-283
Let y(b) = 13*b**3 + 21*b**2 + 17*b - 2. Calculate y(-1).
-11
Let a(n) = n**3 - 17*n**2 - 74*n - 515. Calculate a(18).
-1523
Let d(t) = 14*t**2 - 2957*t - 11822. Determine d(-4).
230
Let q(x) = -241*x - 58490. Give q(-243).
73
Let t(a) = 46*a**2 - 957*a - 3707. Give t(-4).
857
Let m(z) = 4*z**2 - 490*z + 1373. Calculate m(119).
-293
Let h(m) = -170*m - 5088. What is h(-14)?
-2708
Let h(f) = -11*f**3 - 17*f**2 - 10*f + 22. Calculate h(1).
-16
Let v(g) = 161*g**2 + 38189*g + 7698. Determine v(-237).
114
Let d(h) = 13664*h + 191268. Give d(-14).
-28
Let c(w) = 16*w**3 - 71*w**2 + 18*w + 5. Calculate c(4).
-35
Let r(y) = 502*y - 27581. Calculate r(55).
29
Let v(i) = i**2 - 4251*i - 412518. Calculate v(-95).
352
Let k(v) = 3455*v + 17331. Give k(-5).
56
Let p(l) = 4789*l + 15195. Calculate p(-3).
828
Let j(b) = b**2 - 90*b + 849. Give j(71).
-500
Let y(w) = -1032*w + 185807. Give y(180).
47
Let m(v) = 37*v**2 + 6556*v + 1279. What is m(-177)?
40
Let r(s) = 4*s**2 + 1383*s - 6031. Determine r(-350).
-81
Let a(j) = -585548*j - 34547327. What is a(-59)?
5
Let y(s) = 68*s**2 + 515*s - 213. Give y(-8).
19
Let s(m) = -9106*m + 983468. Determine s(108).
20
Let j(d) = -d**3 + 251*d**2 - 306*d + 13594. What is j(250)?
-406
Let c(m) = -m**2 - 1238*m - 157523. Give c(-144).
13
Let q(d) = 18*d**3 - 1675*d**2 + 92*d + 64. Determine q(93).
-29
Let a(v) = -v**2 + 820*v + 5246825. Calculate a(-1917).
-4
Let w(r) = 155*r - 2210. Calculate w(17).
425
Let a(x) = -79*x - 8964. Determine a(-113).
-37
Let g(c) = 2489*c + 84884. Determine g(-34).
258
Let l(g) = -g**2 - 291*g - 1708. What is l(-285)?
2
Let f(l) = 81*l + 3632. Determine f(-58).
-1066
Let z(a) = -2291248*a + 48116209. What is z(21)?
1
Let m(w) = -256*w**2 - 34815*w + 130. What is m(-136)?
-6
Let o(d) = -d**2 - 992*d + 54815. What is o(54)?
-1669
Let f(c) = 4*c**3 - 171*c**2 - 117*c - 3468. What is f(44)?
1064
Let q(f) = 40*f**2 - 3404*f + 447. Determine q(85).
107
Let j(h) = 30*h**2 + 1780*h + 661. Give j(-59).
71
Let q(x) = -3*x**3 - 281*x**2 - 227*x - 4018. Give q(-93).
-205
Let d(p) = 2*p**3 - 85*p**2 + 774*p + 8. What is d(13)?
99
Let s(c) = c**3 - 8*c**2 - 39*c + 33. Calculate s(-4).
-3
Let h(w) = -2125*w + 11659. Calculate h(6).
-1091
Let u(w) = 2*w**2 - 1456*w + 123480. Calculate u(98).
0
Let n(c) = c**2 - 58*c - 1126. Determine n(-27).
1169
Let v(z) = -z**3 - 325*z**2 - 6377*z + 212. Give v(-21).
65
Let s(j) = -j**2 - 63*j - 1043. Give s(-33).
-53
Let f(h) = -2*h**2 - 16994*h + 170007. Calculate f(10).
-133
Let k(c) = 15809*c + 9880631. Calculate k(-625).
6
Let i(z) = -50010*z - 199574. Determine i(-4).
466
Let m(l) = -570*l - 20214. What is m(-35)?
-264
Let p(d) = -3483*d - 1647461. Calculate p(-473).
-2
Let w(b) = 2*b**3 - 6*b**2 + 1411*b - 14320. Calculate w(10).
1190
Let v(s) = -14*s**2 -